097
What are the prime factors of 1437?
3, 479
List the prime factors of 6089.
6089
What are the prime factors of 126999?
3, 103, 137
List the prime factors of 329.
7, 47
What are the prime factors of 23121?
3, 7, 367
What are the prime factors of 970?
2, 5, 97
What are the prime factors of 46851?
3, 7, 23, 97
List the prime factors of 1634.
2, 19, 43
List the prime factors of 55701.
3, 2063
List the prime factors of 504.
2, 3, 7
List the prime factors of 95062.
2, 11, 29, 149
What are the prime factors of 8269?
8269
What are the prime factors of 11406?
2, 3, 1901
What are the prime factors of 36416?
2, 569
List the prime factors of 1941.
3, 647
List the prime factors of 3743.
19, 197
What are the prime factors of 558?
2, 3, 31
List the prime factors of 23705.
5, 11, 431
What are the prime factors of 8592?
2, 3, 179
List the prime factors of 52546.
2, 13, 43, 47
List the prime factors of 38145.
3, 5, 2543
What are the prime factors of 8761?
8761
List the prime factors of 7518.
2, 3, 7, 179
What are the prime factors of 1609?
1609
What are the prime factors of 4617?
3, 19
What are the prime factors of 392?
2, 7
What are the prime factors of 2908?
2, 727
List the prime factors of 11821.
11821
List the prime factors of 7194.
2, 3, 11, 109
List the prime factors of 10277.
43, 239
What are the prime factors of 2812?
2, 19, 37
What are the prime factors of 17597?
17597
What are the prime factors of 14599?
13, 1123
List the prime factors of 872.
2, 109
List the prime factors of 4989.
3, 1663
List the prime factors of 2021.
43, 47
What are the prime factors of 31001?
29, 1069
What are the prime factors of 1556?
2, 389
What are the prime factors of 124548?
2, 3, 97, 107
List the prime factors of 8440.
2, 5, 211
List the prime factors of 32214.
2, 3, 7, 13, 59
List the prime factors of 22317.
3, 43, 173
What are the prime factors of 82112?
2, 1283
What are the prime factors of 2562?
2, 3, 7, 61
What are the prime factors of 4634?
2, 7, 331
What are the prime factors of 6173?
6173
What are the prime factors of 558?
2, 3, 31
What are the prime factors of 189?
3, 7
What are the prime factors of 2346?
2, 3, 17, 23
List the prime factors of 2066.
2, 1033
What are the prime factors of 273?
3, 7, 13
List the prime factors of 1504.
2, 47
List the prime factors of 22764.
2, 3, 7, 271
What are the prime factors of 10197?
3, 11, 103
What are the prime factors of 51019?
163, 313
List the prime factors of 63589.
63589
What are the prime factors of 5925?
3, 5, 79
List the prime factors of 2740.
2, 5, 137
List the prime factors of 89043.
3, 67, 443
List the prime factors of 442.
2, 13, 17
List the prime factors of 101095.
5, 20219
List the prime factors of 17044.
2, 4261
What are the prime factors of 6101?
6101
List the prime factors of 2007.
3, 223
List the prime factors of 34919.
34919
What are the prime factors of 15966?
2, 3, 887
List the prime factors of 23703.
3, 7901
List the prime factors of 30758.
2, 7, 13
List the prime factors of 34196.
2, 83, 103
What are the prime factors of 1348?
2, 337
List the prime factors of 114121.
7, 17, 137
List the prime factors of 4450.
2, 5, 89
List the prime factors of 608.
2, 19
What are the prime factors of 3651?
3, 1217
What are the prime factors of 17419?
17419
What are the prime factors of 5637?
3, 1879
What are the prime factors of 889?
7, 127
List the prime factors of 173834.
2, 23, 3779
What are the prime factors of 145684?
2, 7, 11, 43
List the prime factors of 2926.
2, 7, 11, 19
List the prime factors of 2344.
2, 293
What are the prime factors of 1020?
2, 3, 5, 17
What are the prime factors of 5143?
37, 139
What are the prime factors of 831?
3, 277
What are the prime factors of 1768?
2, 13, 17
List the prime factors of 10758.
2, 3, 11, 163
List the prime factors of 13511.
59, 229
What are the prime factors of 55009?
55009
List the prime factors of 111725.
5, 41, 109
List the prime factors of 488.
2, 61
What are the prime factors of 10212?
2, 3, 23, 37
What are the prime factors of 7638?
2, 3, 19, 67
What are the prime factors of 1686?
2, 3, 281
List the prime factors of 454.
2, 227
List the prime factors of 502.
2, 251
List the prime factors of 2564.
2, 641
List the prime factors of 308.
2, 7, 11
List the prime factors of 16851.
3, 41, 137
What are the prime factors of 27790?
2, 5, 7, 397
List the prime factors of 11442.
2, 3, 1907
What are the prime factors of 882?
2, 3, 7
List the prime factors of 15997.
17, 941
List the prime factors of 16615.
5, 3323
What are the prime factors of 1712?
2, 107
List the prime factors of 117142.
2, 37, 1583
What are the prime factors of 57671?
101, 571
What are the prime factors of 3922?
2, 37, 53
List the prime factors of 293.
293
List the prime factors of 3052.
2, 7, 109
List the prime factors of 167304.
2, 3, 6971
What are the prime factors of 5999?
7, 857
List the prime factors of 4621.
4621
List the prime factors of 35004.
2, 3, 2917
What are the prime factors of 879?
3, 293
What are the prime factors of 608?
2, 19
What are the prime factors of 6756?
2, 3, 563
What are the prime factors of 41291?
157, 263
List the prime factors of 95728.
2, 31, 193
List the prime factors of 60472.
2, 7559
What are the prime factors of 1230?
2, 3, 5, 41
What are the prime factors of 1500?
2, 3, 5
List the prime factors of 4937.
4937
What are the prime factors of 2926?
2, 7, 11, 19
List the prime factors of 262.
2, 131
List the prime factors of 2079.
3, 7, 11
What are the prime factors of 1350?
2, 3, 5
What are the prime factors of 2516?
2, 17, 37
What are the prime factors of 185?
5, 37
What are the prime factors of 12372?
2, 3, 1031
What are the prime factors of 10436?
2, 2609
List the prime factors of 58633.
17, 3449
What are the prime factors of 2465?
5, 17, 29
What are the prime factors of 1914?
2, 3, 11, 29
List the prime factors of 1143.
3, 127
List the prime factors of 5587.
37, 151
List the prime factors of 27204.
2, 3, 2267
List the prime factors of 559.
13, 43
What are the prime factors of 2306?
2, 1153
List the prime factors of 289.
17
What are the prime factors of 309?
3, 103
What are the prime factors of 366?
2, 3, 61
List the prime factors of 3241.
7, 463
What are the prime factors of 508?
2, 127
What are the prime factors of 50488?
2, 6311
List the prime factors of 1670.
2, 5, 167
List the prime factors of 33842.
2, 16921
List the prime factors of 40411.
7, 23, 251
List the prime factors of 1634.
2, 19, 43
List the prime factors of 3408.
2, 3, 71
What are the prime factors of 6469?
6469
What are the prime factors of 10083?
3, 3361
What are the prime factors of 1430?
2, 5, 11, 13
List the prime factors of 13622.
2, 7, 139
List the prime factors of 4107.
3, 37
What are the prime factors of 92659?
7, 31, 61
What are the prime factors of 17176?
2, 19, 113
List the prime factors of 7025.
5, 281
List the prime factors of 3503.
31, 113
What are the prime factors of 3574?
2, 1787
List the prime factors of 7560.
2, 3, 5, 7
List the prime factors of 2861.
2861
What are the prime factors of 11926?
2, 67, 89
What are the prime factors of 11611?
17, 683
List the prime factors of 86467.
86467
What are the prime factors of 40?
2, 5
What are the prime factors of 6229?
6229
What are the prime factors of 18350?
2, 5, 367
List the prime factors of 26514.
2, 3, 491
List the prime factors of 4252.
2, 1063
List the prime factors of 43363.
103, 421
List the prime factors of 1648.
2, 103
List the prime factors of 644.
2, 7, 23
List the prime factors of 10831.
10831
What are the prime factors of 829?
829
What are the prime factors of 289?
17
What are the prime factors of 2270?
2, 5, 227
List the prime factors of 29290.
2, 5, 29, 101
What are the prime factors of 2229?
3, 743
List the prime factors of 15284.
2, 3821
What are the prime factors of 525?
3, 5, 7
What are the prime factors of 4035?
3, 5, 269
List the prime factors of 23538.
2, 3, 3923
What are the prime factors of 1832?
2, 229
What are the prime factors of 110793?
3, 36931
What are the prime factors of 387?
3, 43
What are the prime factors of 940?
2, 5, 47
What are the prime factors of 8648?
2, 23, 47
List the prime factors of 1773.
3, 197
List the prime factors of 1623.
3, 541
List the prime factors of 1776.
2, 3, 37
List the prime factor